{"id":672,"date":"2024-09-19T08:23:59","date_gmt":"2024-09-19T08:23:59","guid":{"rendered":"http:\/\/schirnhofer-casting.de\/casting-director\/?page_id=672"},"modified":"2025-10-14T11:43:07","modified_gmt":"2025-10-14T11:43:07","slug":"mein-vater-der-psychopath-at","status":"publish","type":"page","link":"http:\/\/schirnhofer-casting.de\/casting-director\/mein-vater-der-psychopath-at\/","title":{"rendered":"Mein Vater, der Psychopath (AT)"},"content":{"rendered":"\n<p>Kinospielfilm I Postproduktion<\/p>\n\n\n\n<p class=\"has-text-align-center has-extra-small-font-size\" style=\"font-style:normal;font-weight:300\">Die 12-j\u00e4hrige Lou versucht mit allen Mitteln die Familie um ihren narzisstischen K\u00fcnstler-Vater Edgar zusammenzuhalten. Als dieser feststellt, dass sein Geld zur Neige gegangen ist, kommt er auf die absurd-morbide Idee, seinen eigenen Tod vorzut\u00e4uschen. So k\u00f6nnte er posthum ber\u00fchmt werden und seiner stockenden Karriere wieder Schwung verleihen \u2013 k\u00fcnstlerisch und vor allem finanziell. Paradoxerweise wird Lou durch die Vorstellung, ihren Vater zu verlieren, von ihrer Angst um ihn befreit und schafft es, sich aus der toxischen Beziehung zu ihm zu befreien.<\/p>\n\n\n\n<p style=\"font-size:12px;font-style:normal;font-weight:300\"><strong>Cast<\/strong><br>Robert Finster, Rada Rae, Via Jikeli, Carlo Krammling, Valery Tscheplanowa, Manja Kuhl, Isaak Dentler, <br>Holger B\u00fclow, Max Mayer, Monica Anna Cammerlander, Mario Canedo, Ida Golda, Niklas Mitteregger, <br>Isabella Bartdorff, Rahel Weiss, Esrah Ugurlu, Bernd Gnann <\/p>\n\n\n\n<figure class=\"wp-block-image size-full\"><img loading=\"lazy\" decoding=\"async\" width=\"1024\" height=\"683\" src=\"http:\/\/schirnhofer-casting.de\/wp-content\/uploads\/2025\/10\/2071354.1024.jpg\" alt=\"\" class=\"wp-image-879\" srcset=\"http:\/\/schirnhofer-casting.de\/wp-content\/uploads\/2025\/10\/2071354.1024.jpg 1024w, http:\/\/schirnhofer-casting.de\/wp-content\/uploads\/2025\/10\/2071354.1024-300x200.jpg 300w, http:\/\/schirnhofer-casting.de\/wp-content\/uploads\/2025\/10\/2071354.1024-768x512.jpg 768w\" sizes=\"auto, (max-width: 1024px) 100vw, 1024px\" \/><\/figure>\n","protected":false},"excerpt":{"rendered":"<p>Kinospielfilm I Postproduktion Die 12-j\u00e4hrige Lou versucht mit allen Mitteln die Familie um ihren narzisstischen K\u00fcnstler-Vater Edgar zusammenzuhalten. Als dieser feststellt, dass sein Geld zur Neige gegangen ist, kommt er auf die absurd-morbide Idee, seinen eigenen Tod vorzut\u00e4uschen. So k\u00f6nnte er posthum ber\u00fchmt werden und seiner stockenden Karriere wieder Schwung verleihen \u2013 k\u00fcnstlerisch und vor&hellip; <a class=\"more-link\" href=\"http:\/\/schirnhofer-casting.de\/casting-director\/mein-vater-der-psychopath-at\/\"><span class=\"screen-reader-text\">Mein Vater, der Psychopath (AT)<\/span> weiterlesen<\/a><\/p>\n","protected":false},"author":1,"featured_media":675,"parent":0,"menu_order":0,"comment_status":"closed","ping_status":"closed","template":"","meta":{"footnotes":""},"class_list":["post-672","page","type-page","status-publish","has-post-thumbnail","hentry","entry"],"_links":{"self":[{"href":"http:\/\/schirnhofer-casting.de\/casting-director\/wp-json\/wp\/v2\/pages\/672","targetHints":{"allow":["GET"]}}],"collection":[{"href":"http:\/\/schirnhofer-casting.de\/casting-director\/wp-json\/wp\/v2\/pages"}],"about":[{"href":"http:\/\/schirnhofer-casting.de\/casting-director\/wp-json\/wp\/v2\/types\/page"}],"author":[{"embeddable":true,"href":"http:\/\/schirnhofer-casting.de\/casting-director\/wp-json\/wp\/v2\/users\/1"}],"replies":[{"embeddable":true,"href":"http:\/\/schirnhofer-casting.de\/casting-director\/wp-json\/wp\/v2\/comments?post=672"}],"version-history":[{"count":5,"href":"http:\/\/schirnhofer-casting.de\/casting-director\/wp-json\/wp\/v2\/pages\/672\/revisions"}],"predecessor-version":[{"id":883,"href":"http:\/\/schirnhofer-casting.de\/casting-director\/wp-json\/wp\/v2\/pages\/672\/revisions\/883"}],"wp:featuredmedia":[{"embeddable":true,"href":"http:\/\/schirnhofer-casting.de\/casting-director\/wp-json\/wp\/v2\/media\/675"}],"wp:attachment":[{"href":"http:\/\/schirnhofer-casting.de\/casting-director\/wp-json\/wp\/v2\/media?parent=672"}],"curies":[{"name":"wp","href":"https:\/\/api.w.org\/{rel}","templated":true}]}}