{"id":691,"date":"2024-10-22T16:42:18","date_gmt":"2024-10-22T16:42:18","guid":{"rendered":"http:\/\/schirnhofer-casting.de\/casting-director\/?page_id=691"},"modified":"2025-12-01T14:25:54","modified_gmt":"2025-12-01T14:25:54","slug":"schwanensee","status":"publish","type":"page","link":"http:\/\/schirnhofer-casting.de\/casting-director\/schwanensee\/","title":{"rendered":"Sechs auf einen Streich &#8211; Das M\u00e4rchen vom Schwanensee"},"content":{"rendered":"\n<p>TV-Film | Erstausstrahlung 25.12.2025<\/p>\n\n\n\n<p style=\"font-style:normal;font-weight:300\"><a href=\"https:\/\/www.youtube.com\/watch?v=3FYjL07_xSE&amp;t=3s\" target=\"_blank\" rel=\"noreferrer noopener\">Trailer<\/a> <\/p>\n\n\n\n<p style=\"font-size:12px;font-style:normal;font-weight:300\"><strong>Cast<\/strong><br>Samirah Breuer, Riccardo Campione, Silke Bodenbender, Fritz Karl, Chieloka Jairus, Frederic Balonier, <br>Jule Hermann, Aykut Kayacik, Ben M\u00fcnchow &amp; Daniel Str\u00e4\u00dfer<\/p>\n\n\n\n<figure class=\"wp-block-image size-large\"><img loading=\"lazy\" decoding=\"async\" width=\"1024\" height=\"682\" src=\"http:\/\/schirnhofer-casting.de\/wp-content\/uploads\/2025\/10\/08_schwanensee_cPatrick-Pfeiffer-kurhaus-production-scaled-1-1024x682.jpg\" alt=\"\" class=\"wp-image-874\" srcset=\"http:\/\/schirnhofer-casting.de\/wp-content\/uploads\/2025\/10\/08_schwanensee_cPatrick-Pfeiffer-kurhaus-production-scaled-1-1024x682.jpg 1024w, http:\/\/schirnhofer-casting.de\/wp-content\/uploads\/2025\/10\/08_schwanensee_cPatrick-Pfeiffer-kurhaus-production-scaled-1-300x200.jpg 300w, http:\/\/schirnhofer-casting.de\/wp-content\/uploads\/2025\/10\/08_schwanensee_cPatrick-Pfeiffer-kurhaus-production-scaled-1-768x511.jpg 768w, http:\/\/schirnhofer-casting.de\/wp-content\/uploads\/2025\/10\/08_schwanensee_cPatrick-Pfeiffer-kurhaus-production-scaled-1-1536x1022.jpg 1536w, http:\/\/schirnhofer-casting.de\/wp-content\/uploads\/2025\/10\/08_schwanensee_cPatrick-Pfeiffer-kurhaus-production-scaled-1-2048x1363.jpg 2048w, http:\/\/schirnhofer-casting.de\/wp-content\/uploads\/2025\/10\/08_schwanensee_cPatrick-Pfeiffer-kurhaus-production-scaled-1-1568x1044.jpg 1568w\" sizes=\"auto, (max-width: 1024px) 100vw, 1024px\" \/><\/figure>\n\n\n\n<p class=\"has-text-align-center has-extra-small-font-size\" style=\"font-style:normal;font-weight:300\"><em>Reichlich gelangweilt w\u00e4hlt der junge Prinz Friedrich (Riccardo Campione) aus einem Stapel von Portraitbildern die Kandidatinnen f\u00fcr den anstehenden Ball aus \u2013 seine Mutter (Silke Bodenbender) sitzt ihm bereits im Nacken. Ausgerechnet als er sich mit seinen Freunden aus der Verantwortung der Damenwahl stehlen will, trifft Prinz Friedrich im Zauberwald auf das Schwanenm\u00e4dchen Odette (Samirah Breuer) und ist fasziniert. Er beobachtet ihre Verwandlung und erf\u00e4hrt, dass ein Fluch sie allt\u00e4glich in Schwanengestalt fesselt. Nur wahre Liebe kann sie retten. Doch Odette hat sich l\u00e4ngst damit abgefunden, bei Tageslicht ein Schwan zu sein. Friedrich, ganz Prinz, will sie vom Fluch befreien und schw\u00f6rt Odette seine Liebe. Und obwohl er daf\u00fcr ausgelacht wird, geht ihm das Schwanenm\u00e4dchen, das klar und frei seine Meinung sagt, nicht aus dem Kopf. Als er sie zu seinem Ball einl\u00e4dt, belauscht Zauberer Rotbart (Fritz Karl) das Gespr\u00e4ch und stiehlt die Einladungskarte. Damit wird es f\u00fcr ihn ein Leichtes, seine Tochter Odile (Jule Hermann) an Odettes Stelle auf den Ball zu schleusen. Wird Prinz Friedrich die List durchschauen und erkennen, was es bedeutet, wahrhaftig zu lieben?<\/em><\/p>\n\n\n\n<p style=\"font-size:12px;font-style:normal;font-weight:300\"><strong>Festivals<\/strong><br>Filmfestival Schlingel 2025 | Blickpunkt Deutschland<br>Filmtage Oberschwaben 2025 <br>Filmschau Baden-W\u00fcrttemberg 2025<\/p>\n\n\n\n<figure class=\"wp-block-image size-large\"><img loading=\"lazy\" decoding=\"async\" width=\"726\" height=\"1024\" src=\"http:\/\/schirnhofer-casting.de\/wp-content\/uploads\/2025\/09\/Bildschirmfoto-2025-09-24-um-23.50.50-726x1024.png\" alt=\"\" class=\"wp-image-852\" srcset=\"http:\/\/schirnhofer-casting.de\/wp-content\/uploads\/2025\/09\/Bildschirmfoto-2025-09-24-um-23.50.50-726x1024.png 726w, http:\/\/schirnhofer-casting.de\/wp-content\/uploads\/2025\/09\/Bildschirmfoto-2025-09-24-um-23.50.50-213x300.png 213w, http:\/\/schirnhofer-casting.de\/wp-content\/uploads\/2025\/09\/Bildschirmfoto-2025-09-24-um-23.50.50-768x1083.png 768w, http:\/\/schirnhofer-casting.de\/wp-content\/uploads\/2025\/09\/Bildschirmfoto-2025-09-24-um-23.50.50-1089x1536.png 1089w, http:\/\/schirnhofer-casting.de\/wp-content\/uploads\/2025\/09\/Bildschirmfoto-2025-09-24-um-23.50.50.png 1376w\" sizes=\"auto, (max-width: 726px) 100vw, 726px\" \/><\/figure>\n\n\n\n<figure class=\"wp-block-image size-full\"><img loading=\"lazy\" decoding=\"async\" width=\"944\" height=\"625\" src=\"http:\/\/schirnhofer-casting.de\/wp-content\/uploads\/2025\/10\/Bildschirmfoto-2025-10-09-um-10.16.46.png\" alt=\"\" class=\"wp-image-877\" srcset=\"http:\/\/schirnhofer-casting.de\/wp-content\/uploads\/2025\/10\/Bildschirmfoto-2025-10-09-um-10.16.46.png 944w, http:\/\/schirnhofer-casting.de\/wp-content\/uploads\/2025\/10\/Bildschirmfoto-2025-10-09-um-10.16.46-300x199.png 300w, http:\/\/schirnhofer-casting.de\/wp-content\/uploads\/2025\/10\/Bildschirmfoto-2025-10-09-um-10.16.46-768x508.png 768w\" sizes=\"auto, (max-width: 944px) 100vw, 944px\" \/><\/figure>\n\n\n\n<figure class=\"wp-block-image size-full\"><img loading=\"lazy\" decoding=\"async\" width=\"949\" height=\"631\" src=\"http:\/\/schirnhofer-casting.de\/wp-content\/uploads\/2025\/10\/Bildschirmfoto-2025-10-09-um-10.16.40.png\" alt=\"\" class=\"wp-image-876\" srcset=\"http:\/\/schirnhofer-casting.de\/wp-content\/uploads\/2025\/10\/Bildschirmfoto-2025-10-09-um-10.16.40.png 949w, http:\/\/schirnhofer-casting.de\/wp-content\/uploads\/2025\/10\/Bildschirmfoto-2025-10-09-um-10.16.40-300x199.png 300w, http:\/\/schirnhofer-casting.de\/wp-content\/uploads\/2025\/10\/Bildschirmfoto-2025-10-09-um-10.16.40-768x511.png 768w\" sizes=\"auto, (max-width: 949px) 100vw, 949px\" \/><\/figure>\n","protected":false},"excerpt":{"rendered":"<p>TV-Film | Erstausstrahlung 25.12.2025 Trailer CastSamirah Breuer, Riccardo Campione, Silke Bodenbender, Fritz Karl, Chieloka Jairus, Frederic Balonier, Jule Hermann, Aykut Kayacik, Ben M\u00fcnchow &amp; Daniel Str\u00e4\u00dfer Reichlich gelangweilt w\u00e4hlt der junge Prinz Friedrich (Riccardo Campione) aus einem Stapel von Portraitbildern die Kandidatinnen f\u00fcr den anstehenden Ball aus \u2013 seine Mutter (Silke Bodenbender) sitzt ihm bereits&hellip; <a class=\"more-link\" href=\"http:\/\/schirnhofer-casting.de\/casting-director\/schwanensee\/\"><span class=\"screen-reader-text\">Sechs auf einen Streich &#8211; Das M\u00e4rchen vom Schwanensee<\/span> weiterlesen<\/a><\/p>\n","protected":false},"author":1,"featured_media":875,"parent":0,"menu_order":0,"comment_status":"closed","ping_status":"closed","template":"","meta":{"footnotes":""},"class_list":["post-691","page","type-page","status-publish","has-post-thumbnail","hentry","entry"],"_links":{"self":[{"href":"http:\/\/schirnhofer-casting.de\/casting-director\/wp-json\/wp\/v2\/pages\/691","targetHints":{"allow":["GET"]}}],"collection":[{"href":"http:\/\/schirnhofer-casting.de\/casting-director\/wp-json\/wp\/v2\/pages"}],"about":[{"href":"http:\/\/schirnhofer-casting.de\/casting-director\/wp-json\/wp\/v2\/types\/page"}],"author":[{"embeddable":true,"href":"http:\/\/schirnhofer-casting.de\/casting-director\/wp-json\/wp\/v2\/users\/1"}],"replies":[{"embeddable":true,"href":"http:\/\/schirnhofer-casting.de\/casting-director\/wp-json\/wp\/v2\/comments?post=691"}],"version-history":[{"count":13,"href":"http:\/\/schirnhofer-casting.de\/casting-director\/wp-json\/wp\/v2\/pages\/691\/revisions"}],"predecessor-version":[{"id":912,"href":"http:\/\/schirnhofer-casting.de\/casting-director\/wp-json\/wp\/v2\/pages\/691\/revisions\/912"}],"wp:featuredmedia":[{"embeddable":true,"href":"http:\/\/schirnhofer-casting.de\/casting-director\/wp-json\/wp\/v2\/media\/875"}],"wp:attachment":[{"href":"http:\/\/schirnhofer-casting.de\/casting-director\/wp-json\/wp\/v2\/media?parent=691"}],"curies":[{"name":"wp","href":"https:\/\/api.w.org\/{rel}","templated":true}]}}